52?
True
Is 6 a factor of 29742?
True
Does 7 divide 17563?
True
Is 11 a factor of 224?
False
Is 144 a factor of 32678?
False
Does 11 divide 551?
False
Does 10 divide 1376?
False
Does 70 divide 144909?
False
Does 53 divide 2425?
False
Does 6 divide 360?
True
Is 1696 a multiple of 8?
True
Does 18 divide 17671?
False
Is 1023 a multiple of 8?
False
Is 7167 a multiple of 46?
False
Does 38 divide 914?
False
Is 207 a multiple of 23?
True
Does 88 divide 46706?
False
Is 2985 a multiple of 15?
True
Is 11040 a multiple of 15?
True
Is 31653 a multiple of 30?
False
Is 105 a factor of 42210?
True
Is 2987 a multiple of 29?
True
Is 7 a factor of 168?
True
Does 7 divide 1725?
False
Does 28 divide 784?
True
Does 3 divide 24?
True
Is 40158 a multiple of 46?
True
Is 148800 a multiple of 20?
True
Is 13960 a multiple of 30?
False
Is 9 a factor of 73?
False
Is 25 a factor of 2984?
False
Is 324 a multiple of 6?
True
Is 10441 a multiple of 107?
False
Is 324 a multiple of 12?
True
Is 3180 a multiple of 60?
True
Is 26747 a multiple of 18?
False
Is 348 a multiple of 58?
True
Does 20 divide 220?
True
Is 22 a factor of 83604?
False
Is 50 a factor of 22090?
False
Is 25 a factor of 941?
False
Is 35 a factor of 1190?
True
Does 44 divide 9216?
False
Is 9555 a multiple of 17?
False
Is 27 a factor of 978?
False
Is 69 a factor of 9902?
False
Is 4020 a multiple of 30?
True
Is 18 a factor of 5454?
True
Is 1020 a multiple of 20?
True
Is 26391 a multiple of 25?
False
Is 41 a factor of 27631?
False
Is 13 a factor of 60343?
False
Is 42372 a multiple of 396?
True
Does 14 divide 1960?
True
Is 6 a factor of 302?
False
Is 50904 a multiple of 14?
True
Is 1573 a multiple of 11?
True
Is 17138 a multiple of 209?
True
Is 23220 a multiple of 10?
True
Is 17 a factor of 2550?
True
Is 9384 a multiple of 49?
False
Does 5 divide 87?
False
Does 6 divide 7774?
False
Does 28 divide 35560?
True
Does 152 divide 8612?
False
Does 11 divide 101626?
False
Is 34 a factor of 306?
True
Is 7 a factor of 252?
True
Is 69429 a multiple of 70?
False
Is 4544 a multiple of 72?
False
Is 28 a multiple of 7?
True
Is 4389 a multiple of 129?
False
Is 6 a factor of 444?
True
Is 19 a factor of 11628?
True
Does 22 divide 478?
False
Is 24 a factor of 492?
False
Does 161 divide 2415?
True
Is 23 a factor of 1840?
True
Is 7586 a multiple of 156?
False
Is 39 a multiple of 19?
False
Does 27 divide 3155?
False
Is 3 a factor of 1511?
False
Is 124 a multiple of 4?
True
Is 15677 a multiple of 5?
False
Is 121 a factor of 795?
False
Is 348 a multiple of 12?
True
Is 72 a multiple of 6?
True
Is 734 a multiple of 4?
False
Is 15 a factor of 6063?
False
Does 13 divide 884?
True
Does 29 divide 5438?
False
Is 8 a factor of 530?
False
Is 12844 a multiple of 38?
True
Does 53 divide 3286?
True
Does 5 divide 12399?
False
Is 19 a factor of 27987?
True
Is 141 a factor of 47376?
True
Does 15 divide 10155?
True
Does 34 divide 340?
True
Does 9 divide 5571?
True
Does 17 divide 986?
True
Is 33 a multiple of 11?
True
Is 16 a factor of 11120?
True
Is 11 a factor of 7689?
True
Is 41 a factor of 28147?
False
Does 57 divide 26790?
True
Is 676 a multiple of 26?
True
Does 13 divide 91?
True
Is 1367 a multiple of 15?
False
Does 72 divide 58547?
False
Is 2378 a multiple of 88?
False
Does 265 divide 1590?
True
Does 35 divide 9037?
False
Is 7 a factor of 9331?
True
Is 93 a multiple of 21?
False
Is 474 a multiple of 9?
False
Does 54 divide 711?
False
Is 1683 a multiple of 33?
True
Does 8 divide 3063?
False
Is 3 a factor of 72?
True
Does 17 divide 1204?
False
Is 86 a factor of 8629?
False
Is 1296 a multiple of 9?
True
Does 26 divide 227?
False
Is 1302 a multiple of 155?
False
Is 55 a factor of 83759?
False
Does 13 divide 103?
False
Does 9 divide 2698?
False
Does 10 divide 69790?
True
Is 8154 a multiple of 54?
True
Does 134 divide 103046?
True
Is 8 a factor of 83?
False
Is 3900 a multiple of 20?
True
Is 17 a factor of 27914?
True
Is 279 a multiple of 3?
True
Is 81 a factor of 316?
False
Does 23 divide 12995?
True
Does 31 divide 1083?
False
Does 33 divide 375?
False
Is 11137 a multiple of 30?
False
Is 74 a factor of 28416?
True
Is 23783 a multiple of 30?
False
Is 9293 a multiple of 77?
False
Does 106 divide 455?
False
Does 17 divide 3808?
True
Does 15 divide 3465?
True
Does 42 divide 1940?
False
Does 21 divide 1680?
True
Does 88 divide 20235?
False
Is 45 a factor of 45?
True
Does 11 divide 27148?
True
Does 22 divide 46068?
True
Does 53 divide 583?
True
Is 8 a factor of 60246?
False
Is 3680 a multiple of 32?
True
Is 2280 a multiple of 40?
True
Does 12 divide 1505?
False
Is 59952 a multiple of 24?
True
Does 75 divide 1581?
False
Is 2346 a multiple of 9?
False
Is 227 a factor of 17706?
True
Does 65 divide 4225?
True
Is 17 a factor of 4522?
True
Is 1292 a multiple of 15?
False
Is 44 a factor of 17241?
False
Is 6 a factor of 6150?
True
Does 48 divide 3840?
True
Is 22 a factor of 484?
True
Is 47415 a multiple of 251?
False
Is 2299 a multiple of 29?
False
Is 6544 a multiple of 10?
False
Is 7365 a multiple of 5?
True
Is 12 a factor of 416?
False
Is 4215 a multiple of 7?
False
Is 1435 a multiple of 5?
True
Is 20592 a multiple of 5?
False
Does 140 divide 27771?
False
Does 5 divide 838?
False
Is 4403 a multiple of 148?
False
Is 6188 a multiple of 13?
True
Is 1793 a multiple of 16?
False
Does 51 divide 2055?
False
Is 12 a factor of 20478?
False
Does 87 divide 261?
True
Is 1683 a multiple of 21?
False
Is 29 a factor of 50663?
True
Is 806 a multiple of 49?
False
Is 126 a multiple of 14?
True
Is 24794 a multiple of 15?
False
Does 60 divide 455?
False
Is 1648 a multiple of 9?
False
Does 52 divide 16796?
True
Is 11396 even?
True
Is 113 a multiple of 4?
False
Is 23461 a multiple of 42?
False
Is 5762 a multiple of 43?
True
Is 1967 a multiple of 7?
True
Is 2454 a multiple of 23?
False
Does 13 divide 465?
False
Does 53 divide 226?
False
Is 33003 a multiple of 157?
False
Is 126 a factor of 8946?
True
Is 40 a factor of 11952?
False
Does 117 divide 23563?
False
Is 27 a factor of 1444?
False
Does 31 divide 6097?
False
Is 7488 a multiple of 46?
False
Does 13 divide 645?
False
Is 4 a factor of 3311?
False
Does 16 divide 9360?
True
Is 18 a factor of 16618?
False
Is 59 a factor of 520?
False
Is 27 a factor of 6755?
False
Is 57672 a multiple of 108?
True
Is 42 a factor of 504?
True
Is 6 a factor of 99?
False
Is 4 a factor of 73?
False
Is 130 a factor of 3571?
False
Is 20 a factor of 1050?
False
Does 8 divide 520?
True
Does 13 divide 141076?
True
Is 5594 a multiple of 119?
False
Does 119 divide 37485?
True
Is 3507 a multiple of 3?
True
Does 52 divide 4888?
True
Does 5 divide 3242?
False
Does 35 divide 655?
False
Is 142 a factor of 14200?
True
Is 25905 a multiple of 15?
True
Does 63 divide 693?
True
Does 29 divide 1492?
False
Is 6 a factor of 216?
True
Is 15 a factor of 16695?
True
Is 44 a factor of 18783?
False
Is 27248 a multiple of 131?
True
Is 14 a factor of 2646?
True
Is 33 a factor of 18297?
False
Is 2478 a multiple of 14?
True
Does 66 divide 2376?
True
Does 67 divide 18693?
True
Does 61 divide 183?
True
Does 18 divide 13248?
True
Is 15 a factor of 315?
True
Does 71 divide 16445?
False
Does 60 divide 4846?
False
Does 398 divide 20311?
False
Is 7 a factor of 36909?
False
Does 31 divide 6250?
False
Is 24 a factor of 112?
False
Is 671 a multiple of 7?
False
Is 2432 a multiple of 36?
False
Does 21 divide 2457?
True
Does 42 divide 27342?
True
Is 16 a factor of 576?
True
Is 50 a factor of 3950?
True
Is 57 a factor of 7410?
True
Is 4 a factor of 543?
False
Is 60 a factor of 279?
False
Is 4 a factor of 2361?
False
Is 16 a factor of 8784?
True
Is 1330 a multiple of 38?
True
Is 298 even?
True
Does 32 divide 22850?
False
Does 22 divide 2200?
True
Is 18960 a multiple of 12?
True
Is 9 a factor of 1386?
True
Does 3 divide 683?
False
Is 17 a factor of 5675?
False
Is 6101 a multiple of 98?
False
Does 15 divide 3064?
False
Is 17 a factor of 14569?
True
Is 20 a factor of 6134?
False
Is 35462 a multiple of 238?
True
Is 21 a factor of 655?
False
Does 340 divide 67320?
True
Does 6 divide 132?
True
Is 7 a factor of 188?
False
Is 9 a factor of 3024?
True
Is 17 a factor of 459?
True
Is 1674 a multiple of 11?
False
Is 9738 a multiple of 111?
False
Is 8220 a multiple of 40?
False
Is 712 a multiple of 38?
False
Does 1